Is 99034/46 - w/(-989) a prime number?
True
Let r(b) = b**3 - 12*b**2 - 2*b - 12. Let g be r(12). Let o = -39 - g. Let a = o + 190. Is a a prime number?
False
Let v = 8489 - 3502. Suppose -4*q + v = -3*q. Is q a prime number?
True
Let p(t) = 525*t**3 + 6*t**2 + 17*t - 1. Is p(7) a composite number?
True
Let g(r) = -2*r**2 + 30*r - 15. Let u = 56 + -44. Let o be g(u). Let q = o - 10. Is q composite?
False
Let c = 56048 - 32551. Is c composite?
False
Let f(j) = 365*j + 22. Let l(w) = 24 + 3*w - 4*w + 2*w - 2*w. Let t be l(21). Is f(t) a prime number?
True
Let h = 34413 + 28214. Is h a prime number?
True
Suppose -3*u - 4*k = -294909, 4*k = -10*u + 8*u + 196602. Suppose 4*i - 3*r = 78650, 16*i - u = 11*i + r. Is i a composite number?
False
Let u = -227 + 106. Let r = u + 5318. Is r a prime number?
True
Let g be 514908/30*1 - (-26)/65. Let s be (6/(-8))/(3/(-492)). Suppose s*a - g = 119*a. Is a prime?
False
Let i(o) = -o**2 - 4*o. Let s be i(-4). Suppose y + 2*b - 731 = s, 5*b = -2*y + 4*b + 1471. Suppose -3*u = -3422 + y. Is u a prime number?
False
Let g be (0 - 1 - -6)/(11/(-11)). Let a(o) = -27*o**3 - 8*o**2 - 8*o - 12. Is a(g) a composite number?
False
Let p be (21/(-4))/(2/16). Let n be ((-141)/9)/(2/p). Let t = n - -164. Is t a prime number?
False
Is 4/(-4)*(-97020 + 1 + -2) prime?
True
Suppose 43*j = 47*j + 46688. Let t = j - -20763. Is t a prime number?
True
Suppose -11*s = -52*s - 36*s + 96206957. Is s a prime number?
False
Let l(u) be the third derivative of 31*u**4/6 - 115*u**3/6 + 26*u**2. Is l(8) a composite number?
False
Let u be (-35 + 0)/((-20)/860). Let s = 3790 - u. Is s a composite number?
True
Let w = -930 + 1440. Let u = -299 + w. Is u a composite number?
False
Let z(o) be the first derivative of -o**3/3 + 7*o**2 - 26*o + 41. Let q be z(9). Suppose -q*v + 2018 = -17*v. Is v a prime number?
True
Let y(a) be the second derivative of a**5/20 - 13*a**4/12 - 17*a**3/3 - 33*a**2/2 + 3*a. Let n = -912 - -928. Is y(n) composite?
False
Let c(v) = 4 - 4 + 7*v - 5. Let x be c(1). Suppose 5564 = x*r + 2*g - 372, -4*r + 11867 = 3*g. Is r a composite number?
False
Let z be 5*(-5 - 57/(-15)). Let n be z*((-145)/10)/(-1). Is 3 + (-52)/3*n a prime number?
True
Let y(r) be the first derivative of r**4/4 + 4*r**3/3 - 11*r**2/2 - 19*r + 927. Let v(j) = 2*j + 2. Let q be v(5). Is y(q) a prime number?
True
Let u = 68 - 50. Suppose -2*p - p = -u. Suppose -3*g + p*g = 2202. Is g prime?
False
Let p(q) be the second derivative of -49/6*q**3 - 16*q + 0 + q**2. Is p(-3) prime?
True
Is 4/(-246)*-3 + (-9219377618)/(-27962) a composite number?
False
Let f(l) = 619*l + 42. Let v(n) = -929*n - 63. Let w(r) = -8*f(r) - 5*v(r). Is w(-4) composite?
True
Is (-9)/27 + (-35 + 31)*719824/(-3) a composite number?
True
Suppose 3*o = 174 + 1884. Let b = 2561 - o. Is b/21 - (-14)/(-49) composite?
False
Suppose 5*g - 1425767 = -125*h + 123*h, 4*g = 5*h + 1140574. Is g a prime number?
True
Suppose -y - y + 34 = 0. Let u(b) be the first derivative of b**4/4 - 17*b**3/3 + 13*b**2/2 + 36*b + 210. Is u(y) prime?
True
Let d(p) = p**2 + 24*p + 44. Let x be d(-2). Suppose x*i - 9738 = -3*t + 5*i, -2*i - 9747 = -3*t. Is t a prime number?
True
Suppose 22*u - 56*u - 105*u = -20015861. Is u composite?
False
Let r be (-13)/13 + -46 + -1. Let b = -2 + r. Let q = b + 207. Is q prime?
True
Let x = 8819 - 14374. Let u = -3906 - x. Is u a prime number?
False
Let y be 5/7 + -1 - (-99042)/21. Suppose y = -15*o + 71031. Is o a prime number?
True
Let h(d) = 74*d - 6. Let j = 97 - 103. Let u be h(j). Let o = 1511 + u. Is o prime?
True
Let c(h) = -287*h - 172 - 65 + 898*h. Is c(10) a prime number?
False
Let z(k) = 40*k**3 - 21*k**2 + 77*k + 7. Is z(25) a composite number?
False
Suppose 3*b + 4*v + 11 = 0, -2*b - 5*v - 13 = -1. Let o be ((-212)/10)/(5/(175*b)). Let n = o + -433. Is n composite?
True
Let f = 949806 - 456239. Is f a composite number?
False
Let k be (-1)/((-1)/(-7)) + 4. Let h be 12/(4/(-24)*k - -1). Is (113/2)/(h/16) prime?
True
Let g be (-6)/4*(-12)/3. Let i(a) = -287*a - 36. Let h be i(g). Let b = h + 2717. Is b a prime number?
False
Let u = 3748 + -11682. Let b = -4443 - u. Is b a composite number?
False
Let f be -5963 - (-4)/(-4)*-1. Let l = f - -14741. Is l a prime number?
True
Let q(y) = y**3 + 2*y + 3. Let u be q(0). Let l be 70/21 - 1/u. Suppose -284 - 694 = -l*n. Is n composite?
True
Let m = 1409 + -2520. Let c = m - -2407. Is c + -8 - (0 + -5) a prime number?
False
Suppose 4*c = -2*a, -a + c + 5 = -7. Let k(j) be the second derivative of j**5/20 - 5*j**4/12 - 13*j**3/6 + 9*j**2 - 289*j. Is k(a) a prime number?
False
Suppose 0 = -3*f + 3, -4*n + 1 - 2 = -f. Suppose -3*h - 2*h = -n*h. Suppose -3*m + 2*j = -h*m - 2053, 3*j = 2*m - 1372. Is m prime?
True
Let k = 248 + -226. Let v(s) = -s + 2. Let x be v(-6). Is x/(-44) + (42552/k - 3) composite?
False
Suppose 19202 = -134*d + 135*d. Suppose 5*l - d = 4*x + 10429, -3*l + 17753 = 4*x. Is l a composite number?
False
Suppose 2*x + 1519193 + 1257445 = 8*x. Is x composite?
False
Let i(x) = 146*x**2 - 616*x - 59. Is i(-24) a prime number?
False
Let j be (-1064)/(-72) - (-4)/18. Suppose 0 = j*i - 5*i + 30. Is (-15980)/(-14) - i/(-7) a composite number?
True
Let c = 228 + -248. Is (-2 - 35/c) + (-279)/(-12) composite?
False
Suppose -3*o + 5*t + 32119 = 0, t - 2*t = 5. Let a be ((-45)/20)/9 + o/8. Let h = a + -642. Is h a prime number?
False
Let n(p) be the third derivative of p**6/15 + p**5/12 - p**4/4 - 11*p**3/6 + 12*p**2 + 4*p. Is n(4) composite?
False
Let k = -173519 - -316468. Is k prime?
True
Suppose -2*h - 26781 = -143891. Suppose -43982 = -9*m + h. Is m a composite number?
False
Let g = 707248 - 453939. Is g a composite number?
True
Let u = 202 + -178. Is (5817/9)/(8/u) composite?
True
Is (-148)/(-259) - (1719304/(-14) - 1) composite?
True
Let l(c) = 11*c**3 + 5*c - 5. Let w be l(1). Suppose -w*p + 8161 + 9373 = 0. Is p prime?
False
Let y be (-14 - (-6 - -2))/(-2). Is (-4 + y)*-6653*-1*1 composite?
False
Let b(j) = j**3 - 12*j**2 + 10*j + 15. Let y be b(11). Suppose -y*l = -2*q + 1018, 0*q + 3*q = l + 1527. Let p = 1308 - q. Is p prime?
False
Let l = 261 + -258. Suppose 0 = g + 5*u - l*u - 5165, 0 = g - 5*u - 5130. Is g a prime number?
False
Suppose -7*j + 3*j + 8 = 0. Suppose -5*d = j*d - 2121. Let l = 452 - d. Is l a prime number?
True
Suppose 12*j + 5*m + 2385 = 8*j, 3*j + 3*m + 1785 = 0. Let b = j + -313. Let p = 1424 + b. Is p composite?
False
Suppose 0 = -s - 1921*a + 1918*a + 21755, 4*s = 5*a + 87088. Is s a composite number?
False
Suppose -4*m + 96 = 4*m. Suppose 15*n - 3912 = m*n. Suppose 0*y - 5*o = y - n, 2635 = 2*y + o. Is y prime?
True
Suppose -7165031 = -74*b + 2692659 + 19060548. Is b prime?
False
Let s be 172347/(-18) + (-1)/6 + -3. Let d = 5952 + s. Let a = -1577 - d. Is a a prime number?
False
Let f(d) be the second derivative of d**4/2 + 2*d**3/3 - 3*d**2 - 2*d. Let u = 834 + -838. Is f(u) a composite number?
True
Suppose -5*d + 214089 = 4*w, -3*d - 16*w + 12*w + 128447 = 0. Is d a composite number?
False
Suppose -3*l = -5*u - 219519, 2*l + 61807 = 4*u + 208149. Is l prime?
False
Let x(h) = 7*h**3 - 38*h**2 + 329*h + 595. Is x(30) composite?
True
Suppose 1468 = -5*v - 257. Let j(d) = 5*d**2 + 44*d + 431. Let t be j(-10). Let a = t + v. Is a prime?
False
Let c = -978 + 3160. Let g = 2843 - 2602. Suppose -3*f = g - c. Is f a composite number?
False
Suppose -3*a = -3*y - 0 + 21, 0 = -4*y - 2*a + 10. Suppose -y*j - 5*h - 18 = 7, 3*j = -2*h - 17. Is j*(-148 + 3/(9/(-3))) a prime number?
False
Is 304278/20 - (99/10 + -10) prime?
False
Let l = -12163 + 47304. Is l a prime number?
True
Let b = 88256 + -28409. Is b prime?
False
Let l(m) = m**2 - 7*m + 8. Let o be l(7). Is (-84)/6 + o + 3455 prime?
True
Let k(r) be the third derivative of r**7/840 - r**6/48 + 17*r**5/120 - r**4/6 + r**2. Let i(f) be the second derivative of k(f). Is i(18) composite?
False
Let p(w) = 10*w + 23732. Let y be p(0). Suppose 0 = 26*q - y - 35210. Is q a composite number?
False
Is (2033954/6 - -1) + 92 + 5540/(-60) a composite number?
False
Suppose 40*o = 128*o - 37231648 - 7028920. Is o prime?
True
Suppose -4*n + 4*d + 8 = 0, -n = -2*n + 2*d - 1. Let g = 5 - n. Suppose g = 2*m + 2*m - 4*q - 500, 2*m = -4*q + 226. Is m a prime number?
F